{"id":153,"date":"2024-05-22T11:26:54","date_gmt":"2024-05-22T11:26:54","guid":{"rendered":"https:\/\/sklep.krzysztoftabiszewski.pl\/?post_type=product&#038;p=153"},"modified":"2024-11-11T11:43:00","modified_gmt":"2024-11-11T11:43:00","slug":"test-lovetta-notatki-ze-studiow","status":"publish","type":"product","link":"https:\/\/sklep.krzysztoftabiszewski.pl\/index.php\/produkt\/test-lovetta-notatki-ze-studiow\/","title":{"rendered":"Test Lovetta &#8211; notatki ze studi\u00f3w"},"content":{"rendered":"<p>Zdanie testu Lovetta na studiach powoduje sporo stresu i nauki. Zebra\u0142em informacje o mi\u0119\u015bniach, kt\u00f3re by\u0142y potrzebne do zaliczenia i po\u0142\u0105czy\u0142em w jedn\u0105 intuicyjn\u0105 tabel\u0119. Bardzo u\u0142atwi\u0142a mi ona nauk\u0119 i mocno j\u0105 skr\u00f3ci\u0142a.<\/p>\n<p>Zerknij do galerii, tam s\u0105 przedstawione 2 przyk\u0142ady oraz uk\u0142ad tabeli:<\/p>\n<ol>\n<li>mi\u0119sie\u0144<\/li>\n<li>po \u0142acinie<\/li>\n<li>przyczep pocz\u0105tkowy<\/li>\n<li>przyczep ko\u0144cowy<\/li>\n<li>funkcja<\/li>\n<li>pozycja wyj\u015bciowa i przeprowadzenie testu<\/li>\n<li>stabilizacja<\/li>\n<\/ol>\n<p>UWAGA! Na mojej uczelni \u0142acina oraz przyczepy grup mi\u0119\u015bniowych przedramienia oraz d\u0142oni nie by\u0142a wymagana dlatego ta tabela ich nie ujmuje!<\/p>\n","protected":false},"excerpt":{"rendered":"<p>Zdanie testu Lovetta na studiach powoduje sporo stresu i nauki. Zebra\u0142em informacje o mi\u0119\u015bniach, kt\u00f3re by\u0142y potrzebne do zaliczenia i po\u0142\u0105czy\u0142em w jedn\u0105 intuicyjn\u0105 tabel\u0119. Bardzo u\u0142atwi\u0142a mi ona nauk\u0119 i mocno j\u0105 skr\u00f3ci\u0142a.<\/p>\n","protected":false},"featured_media":221,"comment_status":"open","ping_status":"closed","template":"","meta":[],"product_cat":[22],"product_tag":[],"_links":{"self":[{"href":"https:\/\/sklep.krzysztoftabiszewski.pl\/index.php\/wp-json\/wp\/v2\/product\/153"}],"collection":[{"href":"https:\/\/sklep.krzysztoftabiszewski.pl\/index.php\/wp-json\/wp\/v2\/product"}],"about":[{"href":"https:\/\/sklep.krzysztoftabiszewski.pl\/index.php\/wp-json\/wp\/v2\/types\/product"}],"replies":[{"embeddable":true,"href":"https:\/\/sklep.krzysztoftabiszewski.pl\/index.php\/wp-json\/wp\/v2\/comments?post=153"}],"wp:featuredmedia":[{"embeddable":true,"href":"https:\/\/sklep.krzysztoftabiszewski.pl\/index.php\/wp-json\/wp\/v2\/media\/221"}],"wp:attachment":[{"href":"https:\/\/sklep.krzysztoftabiszewski.pl\/index.php\/wp-json\/wp\/v2\/media?parent=153"}],"wp:term":[{"taxonomy":"product_cat","embeddable":true,"href":"https:\/\/sklep.krzysztoftabiszewski.pl\/index.php\/wp-json\/wp\/v2\/product_cat?post=153"},{"taxonomy":"product_tag","embeddable":true,"href":"https:\/\/sklep.krzysztoftabiszewski.pl\/index.php\/wp-json\/wp\/v2\/product_tag?post=153"}],"curies":[{"name":"wp","href":"https:\/\/api.w.org\/{rel}","templated":true}]}}